{"id":526,"date":"2025-05-23T14:52:49","date_gmt":"2025-05-23T14:52:49","guid":{"rendered":"https:\/\/csmacampagne.be\/fondamental\/?page_id=526"},"modified":"2025-05-23T15:19:38","modified_gmt":"2025-05-23T15:19:38","slug":"rentree-maternelles","status":"publish","type":"page","link":"https:\/\/csmacampagne.be\/fondamental\/rentree-maternelles\/","title":{"rendered":"Rentr\u00e9e Maternelles"},"content":{"rendered":"<p>Chers Parents,<\/p>\n<p>Le <strong>lundi 25 ao\u00fbt 2025<\/strong> votre enfant rentrera en maternelle. Nous aurons la joie de les accueillir dans nos classes. Les repas chauds seront servis d\u00e8s le premier jour.<\/p>\n<p>Ce premier jour d\u2019\u00e9cole sera riche en d\u00e9couvertes : une nouvelle classe, une nouvelle institutrice. Nous accueillerons \u00e9galement de nouveaux \u00e9l\u00e8ves.<\/p>\n<p>Afin de rendre cette journ\u00e9e plus sereine pour tout le monde, nous vous invitons le <strong>vendredi 22 ao\u00fbt entre 14h et 15h<\/strong> pour une pr\u00e9-rentr\u00e9e.<\/p>\n<p>Il s\u2019agit d\u2019un moment de rencontre durant lequel vous et votre enfant aurez l\u2019occasion de :<\/p>\n<p>&#8211; rencontrer son professeur<br \/>\n<span style=\"font-size: revert; color: initial; font-family: -apple-system, BlinkMacSystemFont, 'Segoe UI', Roboto, Oxygen-Sans, Ubuntu, Cantarell, 'Helvetica Neue', sans-serif;\">&#8211; visiter sa future classe<br \/>\n<\/span><span style=\"font-size: revert; color: initial; font-family: -apple-system, BlinkMacSystemFont, 'Segoe UI', Roboto, Oxygen-Sans, Ubuntu, Cantarell, 'Helvetica Neue', sans-serif;\">&#8211; d\u00e9poser tout son mat\u00e9riel<br \/>\n<\/span>&#8211; r\u00e9pondre \u00e0 quelques questions d\u2019ordre pratique (repas, sieste\u2026)<\/p>\n<p>Ainsi, le jour de la rentr\u00e9e, cela nous permettra d\u2019\u00eatre pleinement disponibles pour accueillir vos enfants et eux arriveront plus confiants.<\/p>\n<p>En attendant de vous rencontrer, vous trouverez la petite liste du mat\u00e9riel scolaire dont votre enfant aura besoin dans l&rsquo;onglet <a href=\"https:\/\/csmacampagne.be\/fondamental\/documents\/\"><strong>Documents<\/strong><\/a>.<\/p>\n<p>Au plaisir de vous accueillir dans nos classes avec votre enfant.<\/p>\n<p>Nous vous remercions pour la confiance que vous nous t\u00e9moignez en nous confiant vos enfants et nous vous souhaitons d\u2019excellentes vacances.<\/p>\n<p>Entretemps, si vous avez des questions n\u2019h\u00e9sitez pas \u00e0 contacter le secr\u00e9tariat au 02\/533.39.23 (8h30 \u00e0 11h30)<\/p>\n<p>L\u2019\u00e9quipe \u00e9ducative.<\/p>\n","protected":false},"excerpt":{"rendered":"<p>Chers Parents, Le lundi 25 ao\u00fbt 2025 votre enfant rentrera en maternelle. Nous aurons la joie de les accueillir dans nos classes. Les repas chauds seront servis d\u00e8s le premier jour. Ce premier jour d\u2019\u00e9cole sera riche en d\u00e9couvertes : une nouvelle classe, une nouvelle institutrice. Nous accueillerons \u00e9galement de nouveaux \u00e9l\u00e8ves. Afin de rendre cette journ\u00e9e plus sereine pour tout le monde, nous vous invitons le vendredi 22 ao\u00fbt entre 14h et 15h pour une pr\u00e9-rentr\u00e9e. Il s\u2019agit d\u2019un&#8230;<\/p>\n<p class=\"read-more\"><a class=\"btn btn-default\" href=\"https:\/\/csmacampagne.be\/fondamental\/rentree-maternelles\/\"> Read More<span class=\"screen-reader-text\">  Read More<\/span><\/a><\/p>\n","protected":false},"author":1,"featured_media":0,"parent":0,"menu_order":0,"comment_status":"closed","ping_status":"closed","template":"","meta":{"_EventAllDay":false,"_EventTimezone":"","_EventStartDate":"","_EventEndDate":"","_EventStartDateUTC":"","_EventEndDateUTC":"","_EventShowMap":false,"_EventShowMapLink":false,"_EventURL":"","_EventCost":"","_EventCostDescription":"","_EventCurrencySymbol":"","_EventCurrencyCode":"","_EventCurrencyPosition":"","_EventDateTimeSeparator":"","_EventTimeRangeSeparator":"","_EventOrganizerID":[],"_EventVenueID":[],"_OrganizerEmail":"","_OrganizerPhone":"","_OrganizerWebsite":"","_VenueAddress":"","_VenueCity":"","_VenueCountry":"","_VenueProvince":"","_VenueState":"","_VenueZip":"","_VenuePhone":"","_VenueURL":"","_VenueStateProvince":"","_VenueLat":"","_VenueLng":"","_VenueShowMap":false,"_VenueShowMapLink":false,"footnotes":""},"class_list":["post-526","page","type-page","status-publish","hentry"],"_links":{"self":[{"href":"https:\/\/csmacampagne.be\/fondamental\/wp-json\/wp\/v2\/pages\/526","targetHints":{"allow":["GET"]}}],"collection":[{"href":"https:\/\/csmacampagne.be\/fondamental\/wp-json\/wp\/v2\/pages"}],"about":[{"href":"https:\/\/csmacampagne.be\/fondamental\/wp-json\/wp\/v2\/types\/page"}],"author":[{"embeddable":true,"href":"https:\/\/csmacampagne.be\/fondamental\/wp-json\/wp\/v2\/users\/1"}],"replies":[{"embeddable":true,"href":"https:\/\/csmacampagne.be\/fondamental\/wp-json\/wp\/v2\/comments?post=526"}],"version-history":[{"count":4,"href":"https:\/\/csmacampagne.be\/fondamental\/wp-json\/wp\/v2\/pages\/526\/revisions"}],"predecessor-version":[{"id":536,"href":"https:\/\/csmacampagne.be\/fondamental\/wp-json\/wp\/v2\/pages\/526\/revisions\/536"}],"wp:attachment":[{"href":"https:\/\/csmacampagne.be\/fondamental\/wp-json\/wp\/v2\/media?parent=526"}],"curies":[{"name":"wp","href":"https:\/\/api.w.org\/{rel}","templated":true}]}}

Rentrée Maternelles

<p>Chers Parents,</p>
<p>Le <strong>lundi 25 août 2025</strong> votre enfant rentrera en maternelle. Nous aurons la joie de les accueillir dans nos classes. Les repas chauds seront servis dès le premier jour.</p>
<p>Ce premier jour d’école sera riche en découvertes : une nouvelle classe, une nouvelle institutrice. Nous accueillerons également de nouveaux élèves.</p>
<p>Afin de rendre cette journée plus sereine pour tout le monde, nous vous invitons le <strong>vendredi 22 août entre 14h et 15h</strong> pour une pré-rentrée.</p>
<p>Il s’agit d’un moment de rencontre durant lequel vous et votre enfant aurez l’occasion de :</p>
<p>&#8211; rencontrer son professeur<br />
<span style="font-size: revert; color: initial; font-family: -apple-system, BlinkMacSystemFont, 'Segoe UI', Roboto, Oxygen-Sans, Ubuntu, Cantarell, 'Helvetica Neue', sans-serif;">&#8211; visiter sa future classe<br />
</span><span style="font-size: revert; color: initial; font-family: -apple-system, BlinkMacSystemFont, 'Segoe UI', Roboto, Oxygen-Sans, Ubuntu, Cantarell, 'Helvetica Neue', sans-serif;">&#8211; déposer tout son matériel<br />
</span>&#8211; répondre à quelques questions d’ordre pratique (repas, sieste…)</p>
<p>Ainsi, le jour de la rentrée, cela nous permettra d’être pleinement disponibles pour accueillir vos enfants et eux arriveront plus confiants.</p>
<p>En attendant de vous rencontrer, vous trouverez la petite liste du matériel scolaire dont votre enfant aura besoin dans l&rsquo;onglet <a href="https://csmacampagne.be/fondamental/documents/"><strong>Documents</strong></a>.</p>
<p>Au plaisir de vous accueillir dans nos classes avec votre enfant.</p>
<p>Nous vous remercions pour la confiance que vous nous témoignez en nous confiant vos enfants et nous vous souhaitons d’excellentes vacances.</p>
<p>Entretemps, si vous avez des questions n’hésitez pas à contacter le secrétariat au 02/533.39.23 (8h30 à 11h30)</p>
<p>L’équipe éducative.</p>

<p>Chers Parents, Le lundi 25 août 2025 votre enfant rentrera en maternelle. Nous aurons la joie de les accueillir dans nos classes. Les repas chauds seront servis dès le premier jour. Ce premier jour d’école sera riche en découvertes : une nouvelle classe, une nouvelle institutrice. Nous accueillerons également de nouveaux élèves. Afin de rendre cette journée plus sereine pour tout le monde, nous vous invitons le vendredi 22 août entre 14h et 15h pour une pré-rentrée. Il s’agit d’un&#8230;</p>
<p class="read-more"><a class="btn btn-default" href="https://csmacampagne.be/fondamental/rentree-maternelles/"> Read More<span class="screen-reader-text">  Read More</span></a></p>
