{"id":528,"date":"2025-05-23T14:55:06","date_gmt":"2025-05-23T14:55:06","guid":{"rendered":"https:\/\/csmacampagne.be\/fondamental\/?page_id=528"},"modified":"2025-05-23T15:17:29","modified_gmt":"2025-05-23T15:17:29","slug":"rentree-primaires","status":"publish","type":"page","link":"https:\/\/csmacampagne.be\/fondamental\/rentree-primaires\/","title":{"rendered":"Rentr\u00e9e Primaires"},"content":{"rendered":"<p>Chers Parents,<\/p>\n<p>Nous esp\u00e9rons que vous allez bien ! Nous avons h\u00e2te de vivre une nouvelle ann\u00e9e tous ensemble.<\/p>\n<p>Cette ann\u00e9e la rentr\u00e9e des classes aura lieu le <strong>lundi 25 ao\u00fbt 2025 entre 8h15 et 8h30<\/strong>.<\/p>\n<p>Le premier jour, les repas chauds seront d\u00e9j\u00e0 servis. Si votre enfant est inscrit au pique-nique, n\u2019oubliez pas de lui donner une bo\u00eete \u00e0 tartines. Les listes des classes seront affich\u00e9es dans la cour pour vous aider \u00e0 trouver la classe de votre enfant. Nous vous demandons de donner aux enfants des collations saines (fruits, l\u00e9gumes ou fruits secs), le vendredi un biscuit de pr\u00e9f\u00e9rence \u00ab maison \u00bb est autoris\u00e9. Pas d\u2019emballages, ni de sodas mais bien une gourde remplie d\u2019eau.<\/p>\n<p>Vous recevrez le premier jour toutes les informations concernant l\u2019ann\u00e9e scolaire : tarifs, \u00e9ph\u00e9m\u00e9rides, parascolaires Pour rappel, les factures sont \u00e9tablies trimestriellement. La 1\u00e8re facture arrivera vers le mois d\u2019octobre. Le mat\u00e9riel de chaque enfant doit \u00eatre marqu\u00e9 de son nom (cartable, sac de gymnastique et v\u00eatements de gymnastique).<\/p>\n<p>La r\u00e9union de rentr\u00e9e aura lieu le jeudi <strong>28\/08\/25 \u00e0 19h00<\/strong>. (Salle Alternative)<\/p>\n<p>Fournitures scolaires :<\/p>\n<p>Pour tous : un sac de gymnastique comprenant un short noir ou bleu, un tee-shirt bleu ciel ou celui de l\u2019\u00e9cole et des sandales de gymnastique.<\/p>\n<p><strong>Pour les P1\/P2 :<\/strong> Il faudra juste un cartable et une gourde.<\/p>\n<p><strong>Pour les P3 :<\/strong> Un cartable, une trousse vide et une gourde.<\/p>\n<p><strong>Pour les P4 :<\/strong> idem + un stylo \u00e0 bille effa\u00e7able (pas de stylo \u00e0 plume si possible). L\u2019\u00e9cole se charge d\u2019acheter le mat\u00e9riel et il sera factur\u00e9 avec votre accord.<\/p>\n<p><strong>Pour les P5 et P6<\/strong>, vous trouverez la liste dans l\u2019<a href=\"https:\/\/csmacampagne.be\/fondamental\/documents\/\"><strong>onglet documents<\/strong><\/a> sur le site de l\u2019\u00e9cole.<\/p>\n<p>La garderie du matin est organis\u00e9e le matin de 7h30 \u00e0 8h00. L\u2019\u00e9tude a lieu de 15h45 \u00e0 16h45<\/p>\n<p>et la garderie de 16h45 \u00e0 18h00, (ceci pour le m\u00eame forfait). D\u00e8s 8h00, il y aura un accueil dans la cour, les \u00e9l\u00e8ves peuvent entrer dans le b\u00e2timent \u00e0 partir de 8h20 et monter dans les classes respectives. Nous vous demandons des respecter les horaires et de quitter l\u2019\u00e9cole \u00e0 8h30. Les P3, P4, P5 et P6 se rendent seuls en classe.<\/p>\n<p>Les listes de fournitures scolaires, les \u00e9ph\u00e9m\u00e9rides et les cong\u00e9s scolaires seront disponibles sur le site de l\u2019\u00e9cole dans l\u2019onglet documents. Site de l\u2019\u00e9cole : https:\/\/www.csmacampagne.be<\/p>\n<p><strong>Documents obligatoires \u00e0 scanner et envoyer par mail<\/strong><\/p>\n<p>\u00b7 Pour tous : une copie compl\u00e8te du dernier bulletin avec mention du passage de classe ou de maintien ou une attestation de l\u2019\u00e9cole concernant le passage de classe.<\/p>\n<p>\u00b7 Pour les P6 : le document officiel de changement d\u2019\u00e9cole \u00e0 se procurer dans l\u2019\u00e9cole de d\u00e9part et qui doit \u00eatre dat\u00e9 du 04-07-25.<\/p>\n<p>Nous vous remercions pour la confiance que vous nous t\u00e9moignez en nous confiant vos enfants et vous souhaitons d\u2019excellentes vacances.<\/p>\n<p>Bien \u00e0 vous, Nahide Molana, Directrice<\/p>\n","protected":false},"excerpt":{"rendered":"<p>Chers Parents, Nous esp\u00e9rons que vous allez bien ! Nous avons h\u00e2te de vivre une nouvelle ann\u00e9e tous ensemble. Cette ann\u00e9e la rentr\u00e9e des classes aura lieu le lundi 25 ao\u00fbt 2025 entre 8h15 et 8h30. Le premier jour, les repas chauds seront d\u00e9j\u00e0 servis. Si votre enfant est inscrit au pique-nique, n\u2019oubliez pas de lui donner une bo\u00eete \u00e0 tartines. Les listes des classes seront affich\u00e9es dans la cour pour vous aider \u00e0 trouver la classe de votre enfant&#8230;.<\/p>\n<p class=\"read-more\"><a class=\"btn btn-default\" href=\"https:\/\/csmacampagne.be\/fondamental\/rentree-primaires\/\"> Read More<span class=\"screen-reader-text\">  Read More<\/span><\/a><\/p>\n","protected":false},"author":1,"featured_media":0,"parent":0,"menu_order":0,"comment_status":"closed","ping_status":"closed","template":"","meta":{"_EventAllDay":false,"_EventTimezone":"","_EventStartDate":"","_EventEndDate":"","_EventStartDateUTC":"","_EventEndDateUTC":"","_EventShowMap":false,"_EventShowMapLink":false,"_EventURL":"","_EventCost":"","_EventCostDescription":"","_EventCurrencySymbol":"","_EventCurrencyCode":"","_EventCurrencyPosition":"","_EventDateTimeSeparator":"","_EventTimeRangeSeparator":"","_EventOrganizerID":[],"_EventVenueID":[],"_OrganizerEmail":"","_OrganizerPhone":"","_OrganizerWebsite":"","_VenueAddress":"","_VenueCity":"","_VenueCountry":"","_VenueProvince":"","_VenueState":"","_VenueZip":"","_VenuePhone":"","_VenueURL":"","_VenueStateProvince":"","_VenueLat":"","_VenueLng":"","_VenueShowMap":false,"_VenueShowMapLink":false,"footnotes":""},"class_list":["post-528","page","type-page","status-publish","hentry"],"_links":{"self":[{"href":"https:\/\/csmacampagne.be\/fondamental\/wp-json\/wp\/v2\/pages\/528","targetHints":{"allow":["GET"]}}],"collection":[{"href":"https:\/\/csmacampagne.be\/fondamental\/wp-json\/wp\/v2\/pages"}],"about":[{"href":"https:\/\/csmacampagne.be\/fondamental\/wp-json\/wp\/v2\/types\/page"}],"author":[{"embeddable":true,"href":"https:\/\/csmacampagne.be\/fondamental\/wp-json\/wp\/v2\/users\/1"}],"replies":[{"embeddable":true,"href":"https:\/\/csmacampagne.be\/fondamental\/wp-json\/wp\/v2\/comments?post=528"}],"version-history":[{"count":2,"href":"https:\/\/csmacampagne.be\/fondamental\/wp-json\/wp\/v2\/pages\/528\/revisions"}],"predecessor-version":[{"id":534,"href":"https:\/\/csmacampagne.be\/fondamental\/wp-json\/wp\/v2\/pages\/528\/revisions\/534"}],"wp:attachment":[{"href":"https:\/\/csmacampagne.be\/fondamental\/wp-json\/wp\/v2\/media?parent=528"}],"curies":[{"name":"wp","href":"https:\/\/api.w.org\/{rel}","templated":true}]}}

Rentrée Primaires

<p>Chers Parents,</p>
<p>Nous espérons que vous allez bien ! Nous avons hâte de vivre une nouvelle année tous ensemble.</p>
<p>Cette année la rentrée des classes aura lieu le <strong>lundi 25 août 2025 entre 8h15 et 8h30</strong>.</p>
<p>Le premier jour, les repas chauds seront déjà servis. Si votre enfant est inscrit au pique-nique, n’oubliez pas de lui donner une boîte à tartines. Les listes des classes seront affichées dans la cour pour vous aider à trouver la classe de votre enfant. Nous vous demandons de donner aux enfants des collations saines (fruits, légumes ou fruits secs), le vendredi un biscuit de préférence « maison » est autorisé. Pas d’emballages, ni de sodas mais bien une gourde remplie d’eau.</p>
<p>Vous recevrez le premier jour toutes les informations concernant l’année scolaire : tarifs, éphémérides, parascolaires Pour rappel, les factures sont établies trimestriellement. La 1ère facture arrivera vers le mois d’octobre. Le matériel de chaque enfant doit être marqué de son nom (cartable, sac de gymnastique et vêtements de gymnastique).</p>
<p>La réunion de rentrée aura lieu le jeudi <strong>28/08/25 à 19h00</strong>. (Salle Alternative)</p>
<p>Fournitures scolaires :</p>
<p>Pour tous : un sac de gymnastique comprenant un short noir ou bleu, un tee-shirt bleu ciel ou celui de l’école et des sandales de gymnastique.</p>
<p><strong>Pour les P1/P2 :</strong> Il faudra juste un cartable et une gourde.</p>
<p><strong>Pour les P3 :</strong> Un cartable, une trousse vide et une gourde.</p>
<p><strong>Pour les P4 :</strong> idem + un stylo à bille effaçable (pas de stylo à plume si possible). L’école se charge d’acheter le matériel et il sera facturé avec votre accord.</p>
<p><strong>Pour les P5 et P6</strong>, vous trouverez la liste dans l’<a href="https://csmacampagne.be/fondamental/documents/"><strong>onglet documents</strong></a> sur le site de l’école.</p>
<p>La garderie du matin est organisée le matin de 7h30 à 8h00. L’étude a lieu de 15h45 à 16h45</p>
<p>et la garderie de 16h45 à 18h00, (ceci pour le même forfait). Dès 8h00, il y aura un accueil dans la cour, les élèves peuvent entrer dans le bâtiment à partir de 8h20 et monter dans les classes respectives. Nous vous demandons des respecter les horaires et de quitter l’école à 8h30. Les P3, P4, P5 et P6 se rendent seuls en classe.</p>
<p>Les listes de fournitures scolaires, les éphémérides et les congés scolaires seront disponibles sur le site de l’école dans l’onglet documents. Site de l’école : https://www.csmacampagne.be</p>
<p><strong>Documents obligatoires à scanner et envoyer par mail</strong></p>
<p>· Pour tous : une copie complète du dernier bulletin avec mention du passage de classe ou de maintien ou une attestation de l’école concernant le passage de classe.</p>
<p>· Pour les P6 : le document officiel de changement d’école à se procurer dans l’école de départ et qui doit être daté du 04-07-25.</p>
<p>Nous vous remercions pour la confiance que vous nous témoignez en nous confiant vos enfants et vous souhaitons d’excellentes vacances.</p>
<p>Bien à vous, Nahide Molana, Directrice</p>

<p>Chers Parents, Nous espérons que vous allez bien ! Nous avons hâte de vivre une nouvelle année tous ensemble. Cette année la rentrée des classes aura lieu le lundi 25 août 2025 entre 8h15 et 8h30. Le premier jour, les repas chauds seront déjà servis. Si votre enfant est inscrit au pique-nique, n’oubliez pas de lui donner une boîte à tartines. Les listes des classes seront affichées dans la cour pour vous aider à trouver la classe de votre enfant&#8230;.</p>
<p class="read-more"><a class="btn btn-default" href="https://csmacampagne.be/fondamental/rentree-primaires/"> Read More<span class="screen-reader-text">  Read More</span></a></p>
