{"id":732,"date":"2025-11-10T14:16:26","date_gmt":"2025-11-10T14:16:26","guid":{"rendered":"https:\/\/csmacampagne.be\/fondamental\/?page_id=732"},"modified":"2026-04-21T10:16:46","modified_gmt":"2026-04-21T10:16:46","slug":"les-news","status":"publish","type":"page","link":"https:\/\/csmacampagne.be\/fondamental\/les-news\/","title":{"rendered":"Les news"},"content":{"rendered":"\n<p>Envie de savoir ce qui se passe \u00e0 l\u2019\u00e9cole ? Car ici au Centre Scolaire de Ma Campagne&#8230; \u00e7a bouge ! \ud83c\udf89<\/p>\n\n\n\n<p>Dans cet onglet, d\u00e9couvrez les moments forts du mois, les projets des classes et la gazette qui raconte tout ce qui se passe dans l\u2019\u00e9cole.<\/p>\n\n\n\n<p>Revenez souvent : des nouveaut\u00e9s arrivent tout le temps !<\/p>\n\n\n\n<h2 class=\"wp-block-heading\">\ud83d\udccc<strong>Dates importantes du mois de mai 2026<\/strong><\/h2>\n\n\n\n<p>\ud83d\udcc5 <strong>Du samedi 25 avril au dimanche 10 mai :<\/strong> Vacances de printemps<br>\ud83d\udcc5 <strong>Du lundi 11 mai au mercredi 13 mai<\/strong> : Classes vertes<br>\ud83d\udcc5 <strong>Jeudi 14 mai\u00a0: <\/strong>Cong\u00e9 (Jeudi de l\u2019Ascension)<br>\ud83d\udcc5 <strong>Vendredi 22 mai\u00a0: <\/strong>Soir\u00e9e classes de neige.<br>\ud83d\udcc5 <strong>Lundi 25 mai\u00a0: <\/strong>Cong\u00e9 (lundi de Pentec\u00f4te)<br>\ud83d\udcc5 <strong>Samedi 30 mai\u00a0: <\/strong>Fancy Fair<\/p>\n\n\n\n<figure class=\"wp-block-video\"><video controls src=\"https:\/\/csmacampagne.be\/fondamental\/wp-content\/uploads\/2026\/05\/Invitation%20FF%202026.mp4\"><\/video><\/figure>\n\n\n\n<figure class=\"wp-block-image size-large\"><img decoding=\"async\" src=\"https:\/\/csmacampagne.be\/fondamental\/wp-content\/uploads\/2026\/05\/Affiche%20principale%20FF%20%281%29.jpg\" alt=\"\"\/><\/figure>\n\n\n<p>\u00a0<\/p>\n<div>\n<h2>\ud83d\udccc Dates importantes du mois d\u2019avril 2026<\/h2>\n<p>\ud83d\udcc5 <strong>Jeudi 2 avril<\/strong> : Animation sur l\u2019\u00e9lectricit\u00e9 et la pile de Volta pour les \u00e9l\u00e8ves de <strong>P5-P6<\/strong>, propos\u00e9e par Cap Sciences.<br \/><span style=\"font-size: revert; color: initial;\">\ud83d\udcc5 <\/span><strong>Vendredi 3 avril<\/strong><span style=\"font-size: revert; color: initial;\"> : <\/span>Journ\u00e9e p\u00e9dagogique n\u00b03<span style=\"font-size: revert; color: initial;\">.<br \/><\/span>\ud83d\udcc5 <strong>Lundi 6 avril<\/strong> : Cong\u00e9 (lundi de P\u00e2ques).<br \/>\ud83d\udcc5 <strong>Jeudi 9 avril<\/strong> : Concertation des professeurs (pas d\u2019\u00e9tude).<br \/>\ud83d\udcc5 <strong>Lundi 13 avril<\/strong> : Journ\u00e9e portes ouvertes de l\u2019\u00e9cole.<br \/>\ud83d\udcc5 <strong>Vendredi 17 avril<\/strong> : Messe de P\u00e2ques.<br \/>\ud83d\udcc5 <strong>Lundi 20 avril<\/strong> : Une illustratrice interviendra dans les classes de <strong>P1-P2<\/strong>.<br \/>\ud83d\udcc5 <strong>Mardi 21 avril<\/strong> : Journ\u00e9e d\u00e9couverte de jeux pour les <strong>P3-P4<\/strong>, dans le cadre de leur projet de la p\u00e9riode.<br \/>\ud83d\udcc5 <strong>Mercredi 22 avril<\/strong> : Sortie au parc Tenbosch pour les <strong>P1-P2<\/strong>.<br \/>\ud83d\udcc5 <strong>Jeudi 23 avril<\/strong> : Journ\u00e9e v\u00e9lo \u00e0 l\u2019\u00e9cole pour les <strong>P1-P2<\/strong>.<br \/>\ud83d\udcc5 <strong>Vendredi 24 avril<\/strong> : Les <strong>P1-P2<\/strong> f\u00eateront les anniversaires du mois.<br \/>\ud83d\udcc5 <strong>Du samedi 25 avril au dimanche 10 mai<\/strong> : vacances de printemps<\/p>\n<\/div>\n<h2>\ud83d\udccc Dates importantes du mois de mars 2026<\/h2>\n<p>\ud83d\udcc5 <strong>Du samedi 28 f\u00e9vrier au samedi 7 mars<\/strong> : Classes de neige pour les \u00e9l\u00e8ves de P5-P6 \u2744\ufe0f<br \/>\ud83d\udcc5 <strong>Lundi 2 mars\u00a0: <\/strong>Les P1-P2 AB seront initi\u00e9s \u00e0 l\u2019art nouveau<br \/>\ud83d\udcc5 <strong>Mardi 3 mars\u00a0: <\/strong>Les P1-P2 A vont exp\u00e9rimenter l\u2019art nouveau<br \/>\ud83d\udcc5 <strong>Mercredi 4 mars<\/strong>\u00a0: P1-P2 matin\u00e9e potager<br \/>\ud83d\udcc5 <strong>Jeudi 5 mars\u00a0: <\/strong>Les P1-P2 A partent \u00e0 la d\u00e9couverte de l\u2019Art Nouveau \u00e0 travers Bruxelles<br \/>\ud83d\udcc5 <strong>Jeudi 5 mars\u00a0: <\/strong>Les P1-P2 ABCD auront une animation donn\u00e9e par des \u00e9l\u00e8ves de l\u2019\u00e9cole de Saint Vincent de Paul<br \/>\ud83d\udcc5 <strong>Lundi 9 mars\u00a0: <\/strong>Les P1-P2 CD seront initi\u00e9s \u00e0 l\u2019art nouveau<br \/>\ud83d\udcc5 <strong>Mardi 10 mars\u00a0: <\/strong>Les P1-P2 C vont exp\u00e9rimenter l\u2019art nouveau<br \/>\ud83d\udcc5 <strong>Jeudi 12 mars\u00a0: <\/strong>Les P1-P2 C partent \u00e0 la d\u00e9couverte de l\u2019Art Nouveau \u00e0 travers Bruxelles<br \/>\ud83d\udcc5 <strong>Jeudi 12 mars\u00a0: <\/strong>\u00a0Journ\u00e9e trottinette pour les \u00e9l\u00e8ves de P1-P2 AB \ud83d\udef4<br \/>\ud83d\udcc5 <strong>Jeudi 12 mars\u00a0: <\/strong>\u00a0Les P1-P2 C et D auront une animation sur les h\u00f4tels \u00e0 insectes<br \/>\ud83d\udcc5 <strong>Vendredi 13 mars<\/strong> : Journ\u00e9e pyjama \ud83d\ude34<br \/>\ud83d\udcc5 <strong>Vendredi 13 mars\u00a0: <\/strong>\u00a0Les P1-P2 A et B auront une animation sur les h\u00f4tels \u00e0 insectes<br \/>\ud83d\udcc5 <strong>Mardi 17 mars\u00a0: <\/strong>Les P1-P2 B vont exp\u00e9rimenter l\u2019art nouveau<br \/>\ud83d\udcc5 <strong>Mardi 17 mars<\/strong> : Pas d\u2019\u00e9tude \u2013 concertation des professeurs<br \/>\ud83d\udcc5 <strong>Jeudi 19 mars\u00a0: <\/strong>\u00a0Journ\u00e9e trottinette pour les \u00e9l\u00e8ves de P1-P2 CD \ud83d\udef4<br \/>\ud83d\udcc5 <strong>Jeudi 19 mars\u00a0: <\/strong>Les P1-P2 B partent \u00e0 la d\u00e9couverte de l\u2019Art Nouveau \u00e0 travers Bruxelles<br \/>\ud83d\udcc5 <strong>Mardi 24 mars\u00a0: <\/strong>Les P1-P2 D vont exp\u00e9rimenter l\u2019art nouveau<br \/>\ud83d\udcc5 <strong>Jeudi 26 mars\u00a0: <\/strong>Les P1-P2 D partent \u00e0 la d\u00e9couverte de l\u2019Art Nouveau \u00e0 travers Bruxelles<br \/>\ud83d\udcc5 <strong>Lundi 30 mars<\/strong> : Animation lecture et chansons des \u00e9ditions <em>Marmottons<\/em> pour les \u00e9l\u00e8ves d\u2019Accueil \u2013 1\u02b3\u1d49 maternelle \ud83d\udcda\ud83c\udfb6<\/p>\n<h2>\ud83d\udccc Dates importantes du mois de f\u00e9vrier 2026<\/h2>\n<p>\ud83d\udcc5 <strong data-start=\"85\" data-end=\"130\">Du lundi 26 janvier au vendredi 6 f\u00e9vrier<\/strong> : semaines d\u2019\u00e9valuations<br data-start=\"155\" data-end=\"158\" \/>\ud83d\udcc5 <strong data-start=\"161\" data-end=\"180\">Jeudi 5 f\u00e9vrier<\/strong> : les classes de P1\/P2 f\u00eatent les 100 jours d\u2019\u00e9cole<br data-start=\"232\" data-end=\"235\" \/>\ud83d\udcc5 <strong data-start=\"238\" data-end=\"283\">Du lundi 9 f\u00e9vrier au mercredi 11 f\u00e9vrier<\/strong> : semaine de r\u00e9unions pour la remise des bulletins<br data-start=\"334\" data-end=\"337\" \/>\ud83d\udcc5 <strong data-start=\"340\" data-end=\"363\">Mercredi 11 f\u00e9vrier<\/strong> : carnaval \u00e0 l\u2019\u00e9cole \ud83c\udfad<br data-start=\"387\" data-end=\"390\" \/>\ud83d\udcc5 <strong data-start=\"393\" data-end=\"413\">Jeudi 12 f\u00e9vrier<\/strong> : journ\u00e9e p\u00e9dagogique n\u00b01<br data-start=\"439\" data-end=\"442\" \/>\ud83d\udcc5 <strong data-start=\"445\" data-end=\"468\">Vendredi 13 f\u00e9vrier<\/strong> : journ\u00e9e p\u00e9dagogique n\u00b02<br data-start=\"494\" data-end=\"497\" \/>\ud83d\udcc5 <strong data-start=\"500\" data-end=\"546\">Du lundi 14 f\u00e9vrier au vendredi 27 f\u00e9vrier<\/strong> : cong\u00e9 de Carnaval<br data-start=\"566\" data-end=\"569\" \/>\ud83d\udcc5 <strong data-start=\"572\" data-end=\"613\">Du samedi 28 f\u00e9vrier au samedi 7 mars<\/strong> : classes de neige P5\/P6 \u2744\ufe0f\u26f7\ufe0f<\/p>\n\n\n<figure class=\"wp-block-image size-large\"><img decoding=\"async\" src=\"https:\/\/csmacampagne.be\/fondamental\/wp-content\/uploads\/2026\/04\/journee-portes.jpg\" alt=\"\"\/><\/figure>\n\n\n\n<h2 class=\"wp-block-heading\">\ud83d\udccc Dates importantes du mois de janvier 202<\/h2>\n\n\n\n<p>\ud83d\udcc5 <strong>Lundi 5 janvier 2026<\/strong> : Rentr\u00e9e scolaire<br>\ud83d\udcc5 <strong>Jeudi 8 janvier 2026<\/strong> : Les P1-P2 (A et B) partent en visite au Mus\u00e9e des Sciences naturelles de Bruxelles<br>\ud83d\udcc5 <strong>Mercredi 14 janvier 2026<\/strong> : Ouverture des inscriptions pour l\u2019ann\u00e9e scolaire 2026-2027<br>\ud83d\udcc5 <strong>Jeudi 15 janvier 2026<\/strong> : Les P1-P2 (A et B) partent en visite au Mus\u00e9e des Sciences naturelles de Bruxelles<br>\ud83d\udcc5 <strong>Vendredi 23 janvier 2026<\/strong> : Les P1-P2 (C et D) partent \u00e0 la d\u00e9couverte de la Maison de la litt\u00e9rature jeunesse \u00ab Le Wolf \u00bb<br>\ud83d\udcc5 <strong>Lundi 26 janvier 2026<\/strong> : Pas d\u2019\u00e9tude \u2013 concertation des professeurs<br>\ud83d\udcc5 <strong>Lundi 26 janvier 2026<\/strong> : S\u00e9ance d\u2019information relative aux proc\u00e9dures d\u2019inscription en enseignement secondaire destin\u00e9e aux parents des \u00e9l\u00e8ves de P6<br>\ud83d\udcc5 <strong>Mardi 27 janvier 2026<\/strong> : Les P3-P4 partent en visite au Plan\u00e9tarium de Bruxelles<br>\ud83d\udcc5 <strong>Vendredi 30 janvier 2026<\/strong> : Les P1-P2 (A et B) partent \u00e0 la d\u00e9couverte de la Maison de la litt\u00e9rature jeunesse \u00ab Le Wolf \u00bb<br>\ud83d\udcc5 <strong>Du lundi 26 janvier au vendredi 30 janvier<\/strong> : Semaine d\u2019\u00e9valuations<\/p>\n\n\n\n<p><\/p>\n\n\n\n<p><strong>Les dates importantes du mois de d\u00e9cembre 2025<\/strong> :<br>\ud83d\udcc5 <strong>Vendredi 5 d\u00e9cembre :<\/strong> Visite de Saint-Nicolas<br>\ud83d\udcc5 <strong>Vendredi 5 d\u00e9cembre :<\/strong> Soir\u00e9e avec Saint-Nicolas<br>\ud83d\udcc5 <strong>Vendredi 5 d\u00e9cembre :<\/strong> Animation Cap Sciences pour les 4 classes de P5-P6<br>\ud83d\udcc5 <strong>Vendredi 12 d\u00e9cembre :<\/strong> Pas d\u2019\u00e9tude \u2013 concertation des professeurs<br>\ud83d\udcc5<strong> Lundi 15 d\u00e9cembre : <\/strong>P1-P2 AB partent \u00e0 la d\u00e9couverte de Bruxelles et vont au th\u00e9\u00e2tre <br>\ud83d\udcc5 <strong>Mardi 16 d\u00e9cembre :<\/strong> P1-P2 CD partent \u00e0 la d\u00e9couverte de Bruxelles et vont au th\u00e9\u00e2tre <br>\ud83d\udcc5 <strong>Jeudi 18 d\u00e9cembre :<\/strong> Petit d\u00e9jeuner de No\u00ebl de 8h30 \u00e0 9h30<br>\ud83d\udcc5 <strong>Jeudi 18 d\u00e9cembre :<\/strong> Messe de No\u00ebl \u00e0 l\u2019\u00e9glise Notre-Dame de l\u2019Annonciation d&rsquo;Ixelles<br>\ud83d\udcc5 <strong>Vendredi 19 d\u00e9cembre :<\/strong> Les \u00e9l\u00e8ves de P6C ont une visite m\u00e9dicale<br>\ud83d\udcc5 <strong>Du lundi 22 d\u00e9cembre au vendredi 2 janvier :<\/strong> Vacances d\u2019hiver<br><br>\ud83d\udce2 News :<br>\ud83d\udcf0 La Gazette de l\u2019\u00e9cole est sortie le vendredi 28 novembre !<br>\ud83d\udcf0 Rendez-vous en fin d\u00e9cembre pour la derni\u00e8re gazette de l\u2019ann\u00e9e ! \ud83c\udf84<\/p>\n\n\n\n<p><strong><strong>Les dates importantes du mois de novembre 2025<\/strong> :<br><\/strong>\ud83d\udcc5 <strong>Du 10 au 14 novembre :<\/strong> Semaine d\u2019\u00e9valuations<br>\ud83d\udcc5 <strong>Mardi 11 novembre :<\/strong> Cong\u00e9 de l\u2019Armistice<br>\ud83d\udcc5 <strong>Jeudi 13 novembre : <\/strong>Pas d\u2019\u00e9tude \u2013 concertation des professeurs<br>\ud83d\udcc5 <strong>Jeudi 13 novembre :<\/strong> r\u00e9union classes de neige \u00e0 19h00 \u00e0 la Salle Alternative<br>\ud83d\udcc5 <strong>Du 17 au 21 novembre :<\/strong> Bulletin n\u00b01 et r\u00e9unions de parents<\/p>\n\n\n\n<p><br>\ud83d\udce2 News : Rendez-vous fin novembre pour les derni\u00e8res actus dans la Gazette de l\u2019\u00e9cole ! \ud83d\udcf0<\/p>\n\n\n\n<p><strong><strong>Les dates importantes du mois d&rsquo;octobre 2025<\/strong> :<br><\/strong>\ud83d\udcc5 <strong>Du 6 au 10 octobre :<\/strong> Classes de mer pour les P3\/P4<br>\ud83d\udcc5<strong> Jeudi 16 octobre :<\/strong> Pas d\u2019\u00e9tude \u2013 concertation des professeurs<br>\ud83d\udcc5 <strong>Du 20 au 31 octobre : <\/strong>Cong\u00e9 de Toussaint<\/p>\n\n\n\n<p><br>\ud83d\udce2 News : Ce mois-ci, la vieille sonnerie a laiss\u00e9 place \u00e0 la musique ! \ud83c\udfb6 <br>Un nouveau syst\u00e8me sonore a \u00e9t\u00e9 install\u00e9 dans l\u2019\u00e9cole.<\/p>\n\n\n\n<p><br>Rendez-vous fin novembre pour la Gazette n\u00b02 et encore plus de nouvelles !<\/p>\n\n\n\n<p><strong>Les dates importantes du mois de septembre 2025<\/strong> :<br>\ud83d\udcc5 <strong>Mardi 2 septembre : <\/strong>R\u00e9union des parents \u2013 section maternelle<br>\ud83d\udcc5 <strong>Lundi 8 septembre : <\/strong>Pas d\u2019\u00e9tude (concertation des professeurs)<br>\ud83d\udcc5 <strong>Lundi 15 septembre :<\/strong> D\u00e9but des activit\u00e9s parascolaires<br>\ud83d\udcc5 <strong>Samedi 20 septembre : <\/strong>Brocante de l\u2019\u00e9cole<br>\ud83d\udcc5 <strong>Mercredi 24 septembre :<\/strong> Journ\u00e9e photos<br>\ud83d\udcc5 <strong>Mardi 30 septembre :<\/strong> Pas d\u2019\u00e9tude (concertation des professeurs)<\/p>\n\n\n\n<div class=\"wp-block-group is-vertical is-layout-flex wp-container-core-group-is-layout-8cf370e7 wp-block-group-is-layout-flex\">\n<p class=\"has-text-align-left\"><strong>Les dates importantes du mois d&rsquo;ao\u00fbt 2025<\/strong> :<br>\ud83d\udcc5 <strong>Lundi 25 ao\u00fbt :<\/strong> Rentr\u00e9e scolaire<br>\ud83d\udcc5 <strong>Jeudi 28 ao\u00fbt :<\/strong> R\u00e9union des parents \u2013 section primaire<\/p>\n<\/div>\n","protected":false},"excerpt":{"rendered":"<p>Envie de savoir ce qui se passe \u00e0 l\u2019\u00e9cole ? Car ici au Centre Scolaire de Ma Campagne&#8230; \u00e7a bouge ! \ud83c\udf89 Dans cet onglet, d\u00e9couvrez les moments forts du mois, les projets des classes et la gazette qui raconte tout ce qui se passe dans l\u2019\u00e9cole. Revenez souvent : des nouveaut\u00e9s arrivent tout le temps ! \ud83d\udcccDates importantes du mois de mai 2026 \ud83d\udcc5 Du samedi 25 avril au dimanche 10 mai : Vacances de printemps\ud83d\udcc5 Du lundi 11&#8230;<\/p>\n<p class=\"read-more\"><a class=\"btn btn-default\" href=\"https:\/\/csmacampagne.be\/fondamental\/les-news\/\"> Read More<span class=\"screen-reader-text\">  Read More<\/span><\/a><\/p>\n","protected":false},"author":2,"featured_media":0,"parent":0,"menu_order":0,"comment_status":"closed","ping_status":"closed","template":"","meta":{"_EventAllDay":false,"_EventTimezone":"","_EventStartDate":"","_EventEndDate":"","_EventStartDateUTC":"","_EventEndDateUTC":"","_EventShowMap":false,"_EventShowMapLink":false,"_EventURL":"","_EventCost":"","_EventCostDescription":"","_EventCurrencySymbol":"","_EventCurrencyCode":"","_EventCurrencyPosition":"","_EventDateTimeSeparator":"","_EventTimeRangeSeparator":"","_EventOrganizerID":[],"_EventVenueID":[],"_OrganizerEmail":"","_OrganizerPhone":"","_OrganizerWebsite":"","_VenueAddress":"","_VenueCity":"","_VenueCountry":"","_VenueProvince":"","_VenueState":"","_VenueZip":"","_VenuePhone":"","_VenueURL":"","_VenueStateProvince":"","_VenueLat":"","_VenueLng":"","_VenueShowMap":false,"_VenueShowMapLink":false,"footnotes":""},"class_list":["post-732","page","type-page","status-publish","hentry"],"_links":{"self":[{"href":"https:\/\/csmacampagne.be\/fondamental\/wp-json\/wp\/v2\/pages\/732","targetHints":{"allow":["GET"]}}],"collection":[{"href":"https:\/\/csmacampagne.be\/fondamental\/wp-json\/wp\/v2\/pages"}],"about":[{"href":"https:\/\/csmacampagne.be\/fondamental\/wp-json\/wp\/v2\/types\/page"}],"author":[{"embeddable":true,"href":"https:\/\/csmacampagne.be\/fondamental\/wp-json\/wp\/v2\/users\/2"}],"replies":[{"embeddable":true,"href":"https:\/\/csmacampagne.be\/fondamental\/wp-json\/wp\/v2\/comments?post=732"}],"version-history":[{"count":27,"href":"https:\/\/csmacampagne.be\/fondamental\/wp-json\/wp\/v2\/pages\/732\/revisions"}],"predecessor-version":[{"id":1048,"href":"https:\/\/csmacampagne.be\/fondamental\/wp-json\/wp\/v2\/pages\/732\/revisions\/1048"}],"wp:attachment":[{"href":"https:\/\/csmacampagne.be\/fondamental\/wp-json\/wp\/v2\/media?parent=732"}],"curies":[{"name":"wp","href":"https:\/\/api.w.org\/{rel}","templated":true}]}}