{"id":245,"date":"2020-12-09T12:42:57","date_gmt":"2020-12-09T12:42:57","guid":{"rendered":"https:\/\/csmacampagne.be\/secondaire\/?page_id=245"},"modified":"2020-12-09T12:45:25","modified_gmt":"2020-12-09T12:45:25","slug":"clas","status":"publish","type":"page","link":"https:\/\/csmacampagne.be\/secondaire\/clas\/","title":{"rendered":"CLAS"},"content":{"rendered":"<h3>Accompagnement scolaire (CLAS)<\/h3>\n\n\n<p>Tu es \u00e9l\u00e8ve et tu as du mal \u00e0 trouver ton rythme scolaire, en pr\u00e9sentiel ou \u00e0 distance? Tu te sens d\u00e9pass\u00e9 par la mati\u00e8re et \u00e7a te d\u00e9motive? Tu ne trouves pas ta place \u00e0 l\u2019\u00e9cole?<\/p>\n\n\n\n<p>Vous \u00eates parent et vous avez besoin de soutien dans le parcours scolaire de votre enfant? Vous rencontrez des difficult\u00e9s li\u00e9es \u00e0 l\u2019\u00e9ducation? Vous avez besoin de renseignements sur la scolarit\u00e9 de votre enfant?<br>La CLAS est un service communal gratuit qui accompagne les personnes dans leurs difficult\u00e9s scolaires en toute confidentialit\u00e9 et soutient les \u00e9coles ixelloises dans leur lutte contre le d\u00e9crochage scolaire.<br>N\u2019h\u00e9sitez pas \u00e0 prendre contact avec la CLAS. Le service est accessible \u00e0 toute personne habitant la commune d\u2019Ixelles ou fr\u00e9quentant une \u00e9cole sur le territoire ixellois sur rendez-vous.<br><h4>Contact<\/h4><strong>La CLAS<\/strong><br>Ixelles-Pr\u00e9vention<br>Rue Gray, 221 &#8211; 1050 Ixelles<br>02 643 65 62<br>clas@ixelles.brussels<br>http:\/\/www.ixelles.be\/site\/656-Accompagnement-scolaire-CLAS<\/p>\n\n\n\n<figure class=\"wp-block-gallery columns-1 is-cropped wp-block-gallery-1 is-layout-flex wp-block-gallery-is-layout-flex\"><ul class=\"blocks-gallery-grid\"><li class=\"blocks-gallery-item\"><figure><img loading=\"lazy\" decoding=\"async\" width=\"308\" height=\"432\" src=\"https:\/\/csmacampagne.be\/secondaire\/wp-content\/uploads\/2020\/12\/clas.png\" alt=\"\" data-id=\"246\" data-full-url=\"https:\/\/csmacampagne.be\/secondaire\/wp-content\/uploads\/2020\/12\/clas.png\" data-link=\"https:\/\/csmacampagne.be\/secondaire\/?attachment_id=246\" class=\"wp-image-246\" srcset=\"https:\/\/csmacampagne.be\/secondaire\/wp-content\/uploads\/2020\/12\/clas.png 308w, https:\/\/csmacampagne.be\/secondaire\/wp-content\/uploads\/2020\/12\/clas-214x300.png 214w, https:\/\/csmacampagne.be\/secondaire\/wp-content\/uploads\/2020\/12\/clas-193x270.png 193w\" sizes=\"auto, (max-width: 308px) 100vw, 308px\" \/><\/figure><\/li><\/ul><\/figure>\n","protected":false},"excerpt":{"rendered":"<p>Accompagnement scolaire (CLAS) Tu es \u00e9l\u00e8ve et tu as du mal \u00e0 trouver ton rythme scolaire, en pr\u00e9sentiel ou \u00e0 distance? Tu te sens d\u00e9pass\u00e9 par la mati\u00e8re et \u00e7a te d\u00e9motive? Tu ne trouves pas ta place \u00e0 l\u2019\u00e9cole? Vous \u00eates parent et vous avez besoin de soutien dans le parcours scolaire de votre enfant? Vous rencontrez des difficult\u00e9s li\u00e9es \u00e0 l\u2019\u00e9ducation? Vous avez besoin de renseignements sur la scolarit\u00e9 de votre enfant?La CLAS est un service communal gratuit&#8230;<\/p>\n<p class=\"read-more\"><a class=\"btn btn-default\" href=\"https:\/\/csmacampagne.be\/secondaire\/clas\/\"> Read More<span class=\"screen-reader-text\">  Read More<\/span><\/a><\/p>\n","protected":false},"author":3,"featured_media":0,"parent":0,"menu_order":0,"comment_status":"closed","ping_status":"closed","template":"","meta":{"footnotes":""},"class_list":["post-245","page","type-page","status-publish","hentry"],"_links":{"self":[{"href":"https:\/\/csmacampagne.be\/secondaire\/wp-json\/wp\/v2\/pages\/245","targetHints":{"allow":["GET"]}}],"collection":[{"href":"https:\/\/csmacampagne.be\/secondaire\/wp-json\/wp\/v2\/pages"}],"about":[{"href":"https:\/\/csmacampagne.be\/secondaire\/wp-json\/wp\/v2\/types\/page"}],"author":[{"embeddable":true,"href":"https:\/\/csmacampagne.be\/secondaire\/wp-json\/wp\/v2\/users\/3"}],"replies":[{"embeddable":true,"href":"https:\/\/csmacampagne.be\/secondaire\/wp-json\/wp\/v2\/comments?post=245"}],"version-history":[{"count":3,"href":"https:\/\/csmacampagne.be\/secondaire\/wp-json\/wp\/v2\/pages\/245\/revisions"}],"predecessor-version":[{"id":250,"href":"https:\/\/csmacampagne.be\/secondaire\/wp-json\/wp\/v2\/pages\/245\/revisions\/250"}],"wp:attachment":[{"href":"https:\/\/csmacampagne.be\/secondaire\/wp-json\/wp\/v2\/media?parent=245"}],"curies":[{"name":"wp","href":"https:\/\/api.w.org\/{rel}","templated":true}]}}