{"id":500,"date":"2022-01-19T17:42:11","date_gmt":"2022-01-19T17:42:11","guid":{"rendered":"https:\/\/csmacampagne.be\/secondaire\/?page_id=500"},"modified":"2022-02-02T18:22:56","modified_gmt":"2022-02-02T18:22:56","slug":"mot-de-la-direction","status":"publish","type":"page","link":"https:\/\/csmacampagne.be\/secondaire\/mot-de-la-direction\/","title":{"rendered":"Le Mot de la direction"},"content":{"rendered":"\n<p>Chers parents, chers \u00e9l\u00e8ves,<\/p>\n\n\n\n<p>Madame, Monsieur,<\/p>\n\n\n\n<p>Je vous souhaite la bienvenue sur le site du Centre Scolaire de Ma Campagne !<\/p>\n\n\n\n<p>Vous trouverez sur ce site des explications, des photos et des vid\u00e9os relatives \u00e0 notre offre d\u2019enseignement. Nos trois sections offrent un large \u00e9ventail d\u2019options dans l\u2019enseignement g\u00e9n\u00e9ral et qualifiant : des options vari\u00e9es (latin, math\u00e9matiques, sciences sociales, sciences, langues, humanit\u00e9s th\u00e9\u00e2trales) dans l\u2019enseignement de transition et des orientations li\u00e9es \u00e0 l\u2019art, aux services aux personnes, \u00e0 la comptabilit\u00e9 et \u00e0 la bureautique dans l\u2019enseignement qualifiant.<\/p>\n\n\n\n<p>Au Centre scolaire de Ma Campagne, vous d\u00e9couvrirez que nous proposons un enseignement de qualit\u00e9, ouvert vers le jeune pour le pr\u00e9parer \u00e0 son avenir en tant qu\u2019adulte, futur citoyen d\u2019un monde en \u00e9volution permanente.<\/p>\n\n\n\n<p>Notre encadrement par des professeurs dynamiques et motiv\u00e9s, une \u00e9quipe d\u2019\u00e9ducateurs \u00e0 l\u2019\u00e9coute, une cellule (EABS) form\u00e9e aux derni\u00e8res techniques p\u00e9dagogiques et des logop\u00e8des disponibles pour une aide et un soutien hebdomadaire ne laissera aucun \u00e9l\u00e8ve au bord du chemin.<\/p>\n\n\n\n<p>Nous offrons un suivi personnalis\u00e9 selon les besoins de chaque \u00e9l\u00e8ve : des conseils de classe ont lieu trimestriellement (voire mensuellement) pour que le travail d\u2019\u00e9quipe soit porteur pour le bien des \u00e9l\u00e8ves et leurs apprentissages !<\/p>\n\n\n\n<p>Il nous semble essentiel d\u2019\u00eatre un soutien continu pour les diff\u00e9rents chemins qu\u2019ils vont prendre, dans les choix qui seront les leurs pour les m\u00e9tiers auxquels ils se destineront ! Il est primordial de les accompagner pour ce tourbillon, ce rythme effr\u00e9n\u00e9 qui les entrainent dans le monde d\u2019aujourd\u2019hui mais aussi et surtout celui de demain.<\/p>\n\n\n\n<p>En effet, l\u2019\u00e9quipe \u00e9ducative se consacre enti\u00e8rement \u00e0 l\u2019\u00e9volution p\u00e9dagogique actuelle : les difficult\u00e9s de maitrise de la langue fran\u00e7aise, les nouveaux d\u00e9fis de la soci\u00e9t\u00e9 actuelle, les changements li\u00e9s \u00e0 une mixit\u00e9 culturelle et sociale de plus en plus importante.<\/p>\n\n\n\n<p>Pour ce faire, nous menons une r\u00e9flexion continue sur l\u2019am\u00e9nagement de nos locaux. Outre des locaux-classes \u00ab classiques \u00bb, vous trouverez sur nos trois sites des locaux sp\u00e9cifiques (salles informatiques, salles munies de Mac derniers cris pour les cours de publicit\u00e9 et de d\u00e9coration, \u00ab classes-ateliers \u00bb, salle de pratique pour les cours de pu\u00e9riculture, labo-photo, salles de sport,\u2026)<\/p>\n\n\n\n<p>Le jeune a plus que jamais besoin de l\u2019\u00e9cole comme r\u00e9f\u00e9rence, comme pilier de son \u00e9ducation. C\u2019est aussi, bien s\u00fbr, le meilleur lieu de sociabilisation, de rencontres, de communications avec d\u2019autres.<\/p>\n\n\n\n<p>Charles Navet<\/p>\n\n\n\n<p>Directeur<\/p>\n","protected":false},"excerpt":{"rendered":"<p>Chers parents, chers \u00e9l\u00e8ves, Madame, Monsieur, Je vous souhaite la bienvenue sur le site du Centre Scolaire de Ma Campagne ! Vous trouverez sur ce site des explications, des photos et des vid\u00e9os relatives \u00e0 notre offre d\u2019enseignement. Nos trois sections offrent un large \u00e9ventail d\u2019options dans l\u2019enseignement g\u00e9n\u00e9ral et qualifiant : des options vari\u00e9es (latin, math\u00e9matiques, sciences sociales, sciences, langues, humanit\u00e9s th\u00e9\u00e2trales) dans l\u2019enseignement de transition et des orientations li\u00e9es \u00e0 l\u2019art, aux services aux personnes, \u00e0 la comptabilit\u00e9&#8230;<\/p>\n<p class=\"read-more\"><a class=\"btn btn-default\" href=\"https:\/\/csmacampagne.be\/secondaire\/mot-de-la-direction\/\"> Read More<span class=\"screen-reader-text\">  Read More<\/span><\/a><\/p>\n","protected":false},"author":3,"featured_media":0,"parent":0,"menu_order":0,"comment_status":"closed","ping_status":"closed","template":"","meta":{"footnotes":""},"class_list":["post-500","page","type-page","status-publish","hentry"],"_links":{"self":[{"href":"https:\/\/csmacampagne.be\/secondaire\/wp-json\/wp\/v2\/pages\/500","targetHints":{"allow":["GET"]}}],"collection":[{"href":"https:\/\/csmacampagne.be\/secondaire\/wp-json\/wp\/v2\/pages"}],"about":[{"href":"https:\/\/csmacampagne.be\/secondaire\/wp-json\/wp\/v2\/types\/page"}],"author":[{"embeddable":true,"href":"https:\/\/csmacampagne.be\/secondaire\/wp-json\/wp\/v2\/users\/3"}],"replies":[{"embeddable":true,"href":"https:\/\/csmacampagne.be\/secondaire\/wp-json\/wp\/v2\/comments?post=500"}],"version-history":[{"count":4,"href":"https:\/\/csmacampagne.be\/secondaire\/wp-json\/wp\/v2\/pages\/500\/revisions"}],"predecessor-version":[{"id":602,"href":"https:\/\/csmacampagne.be\/secondaire\/wp-json\/wp\/v2\/pages\/500\/revisions\/602"}],"wp:attachment":[{"href":"https:\/\/csmacampagne.be\/secondaire\/wp-json\/wp\/v2\/media?parent=500"}],"curies":[{"name":"wp","href":"https:\/\/api.w.org\/{rel}","templated":true}]}}