{"id":537,"date":"2022-01-19T19:50:01","date_gmt":"2022-01-19T19:50:01","guid":{"rendered":"https:\/\/csmacampagne.be\/secondaire\/?page_id=537"},"modified":"2023-03-12T18:30:41","modified_gmt":"2023-03-12T16:30:41","slug":"assistant-aux-metiers-de-la-decoration","status":"publish","type":"page","link":"https:\/\/csmacampagne.be\/secondaire\/assistant-aux-metiers-de-la-decoration\/","title":{"rendered":"Assistant aux m\u00e9tiers de la d\u00e9coration"},"content":{"rendered":"\n<p>Ces formations m\u00ealent des cours g\u00e9n\u00e9raux (fran\u00e7ais, sciences, formation historique et g\u00e9ographique,\u2026) \u00e0 des cours plus sp\u00e9cifiques (maquettisme, croquis, projets,\u2026).<\/p>\n\n\n\n<p>Des stages sont pr\u00e9vus durant la formation. Vous trouverez ci-dessous les grilles horaires de cette section ainsi que deux vid\u00e9os explicatives tourn\u00e9es dans les locaux de l\u2019\u00e9cole.<\/p>\n\n\n\n<figure class=\"wp-block-embed is-type-video is-provider-youtube wp-block-embed-youtube wp-embed-aspect-16-9 wp-has-aspect-ratio\"><div class=\"wp-block-embed__wrapper\">\n<iframe loading=\"lazy\" title=\"Parcours ton Orientation - Arts appliqu\u00e9s - Assistant.e en D\u00e9coration\" width=\"640\" height=\"360\" src=\"https:\/\/www.youtube.com\/embed\/xelUAGZLUkY?feature=oembed\" frameborder=\"0\" allow=\"accelerometer; autoplay; clipboard-write; encrypted-media; gyroscope; picture-in-picture; web-share\" referrerpolicy=\"strict-origin-when-cross-origin\" allowfullscreen><\/iframe>\n<\/div><\/figure>\n\n\n<a href=\"https:\/\/csmacampagne.be\/secondaire\/wp-content\/uploads\/2023\/03\/arts-3degre.pdf\" class=\"pdfemb-viewer\" style=\"\" data-width=\"max\" data-height=\"max\" data-toolbar=\"bottom\" data-toolbar-fixed=\"off\">arts-3degre<\/a>\n<p class=\"wp-block-pdfemb-pdf-embedder-viewer\"><\/p>\n","protected":false},"excerpt":{"rendered":"<p>Ces formations m\u00ealent des cours g\u00e9n\u00e9raux (fran\u00e7ais, sciences, formation historique et g\u00e9ographique,\u2026) \u00e0 des cours plus sp\u00e9cifiques (maquettisme, croquis, projets,\u2026). Des stages sont pr\u00e9vus durant la formation. Vous trouverez ci-dessous les grilles horaires de cette section ainsi que deux vid\u00e9os explicatives tourn\u00e9es dans les locaux de l\u2019\u00e9cole.<\/p>\n","protected":false},"author":3,"featured_media":0,"parent":0,"menu_order":0,"comment_status":"closed","ping_status":"closed","template":"","meta":{"footnotes":""},"class_list":["post-537","page","type-page","status-publish","hentry"],"_links":{"self":[{"href":"https:\/\/csmacampagne.be\/secondaire\/wp-json\/wp\/v2\/pages\/537","targetHints":{"allow":["GET"]}}],"collection":[{"href":"https:\/\/csmacampagne.be\/secondaire\/wp-json\/wp\/v2\/pages"}],"about":[{"href":"https:\/\/csmacampagne.be\/secondaire\/wp-json\/wp\/v2\/types\/page"}],"author":[{"embeddable":true,"href":"https:\/\/csmacampagne.be\/secondaire\/wp-json\/wp\/v2\/users\/3"}],"replies":[{"embeddable":true,"href":"https:\/\/csmacampagne.be\/secondaire\/wp-json\/wp\/v2\/comments?post=537"}],"version-history":[{"count":4,"href":"https:\/\/csmacampagne.be\/secondaire\/wp-json\/wp\/v2\/pages\/537\/revisions"}],"predecessor-version":[{"id":1055,"href":"https:\/\/csmacampagne.be\/secondaire\/wp-json\/wp\/v2\/pages\/537\/revisions\/1055"}],"wp:attachment":[{"href":"https:\/\/csmacampagne.be\/secondaire\/wp-json\/wp\/v2\/media?parent=537"}],"curies":[{"name":"wp","href":"https:\/\/api.w.org\/{rel}","templated":true}]}}